of 406 and 1176762?
58
What is the highest common divisor of 380180 and 13924?
4
What is the greatest common divisor of 2300 and 388769?
23
Calculate the greatest common factor of 1696 and 83672.
8
Calculate the highest common factor of 4939025 and 68971.
1169
Calculate the greatest common factor of 14240 and 443540400.
7120
Calculate the greatest common factor of 43902 and 62072550.
4878
What is the greatest common factor of 11350480 and 240?
80
Calculate the greatest common divisor of 14 and 354506334.
14
Calculate the greatest common divisor of 72 and 509517552.
24
Calculate the highest common factor of 10698 and 109554.
6
What is the greatest common factor of 169346591 and 2038?
1019
Calculate the greatest common factor of 8570886 and 174.
6
What is the highest common divisor of 57059397 and 72?
9
What is the highest common divisor of 238062 and 18?
6
What is the greatest common divisor of 900 and 446800050?
450
What is the greatest common factor of 4402 and 410099?
31
What is the greatest common divisor of 16 and 98882512?
16
Calculate the highest common divisor of 990 and 12536568.
198
What is the highest common divisor of 178778 and 158614?
142
What is the highest common divisor of 154801 and 1415?
283
What is the greatest common factor of 135 and 157562?
1
What is the greatest common factor of 4548939 and 404?
101
What is the greatest common divisor of 250 and 3151041250?
250
Calculate the greatest common divisor of 11550 and 4898355.
1155
Calculate the greatest common factor of 518 and 3035473.
7
What is the highest common factor of 1709019 and 24543?
243
Calculate the highest common divisor of 31569 and 625804.
17
What is the greatest common factor of 152091 and 6321?
129
Calculate the highest common factor of 145323517 and 84472.
10559
Calculate the greatest common factor of 391 and 7758935.
23
What is the greatest common divisor of 261443 and 2093?
91
What is the highest common factor of 3031245 and 3045?
105
What is the greatest common factor of 12 and 56896068?
12
What is the highest common factor of 409470 and 210?
30
What is the greatest common factor of 4494742 and 336?
14
What is the greatest common factor of 1560725 and 1149?
383
What is the highest common divisor of 13791488 and 1360?
272
Calculate the greatest common divisor of 68100 and 606317.
227
Calculate the highest common factor of 1148480 and 12580.
740
What is the highest common factor of 4192 and 117638?
262
Calculate the greatest common factor of 18928 and 96837.
169
Calculate the highest common factor of 599 and 43651526.
599
What is the highest common divisor of 840 and 254507064?
168
What is the highest common divisor of 159056 and 1302271?
9941
Calculate the highest common divisor of 47728969 and 5396.
1349
Calculate the greatest common divisor of 32 and 52898720.
32
Calculate the greatest common divisor of 3341201 and 50327.
853
Calculate the highest common divisor of 21641 and 1633921.
17
Calculate the greatest common factor of 175253376 and 768.
384
What is the greatest common divisor of 1081885 and 70?
35
Calculate the highest common factor of 337858 and 4845.
323
Calculate the greatest common divisor of 4893359 and 2745.
61
Calculate the greatest common divisor of 689 and 297401.
13
Calculate the greatest common factor of 310 and 51522.
62
Calculate the highest common factor of 997098228 and 756.
756
Calculate the greatest common divisor of 9048718 and 1234198.
6202
Calculate the greatest common divisor of 184853 and 113119.
2759
Calculate the greatest common factor of 27 and 4918869.
9
What is the highest common factor of 3283716 and 96?
12
What is the greatest common divisor of 422756 and 7412?
68
Calculate the highest common divisor of 72472257 and 1287.
1287
Calculate the highest common divisor of 10312 and 104557235.
1289
What is the highest common divisor of 122470 and 45325?
185
What is the greatest common divisor of 8460 and 6369910?
470
Calculate the highest common divisor of 7508747 and 142.
71
Calculate the highest common factor of 1248 and 2915406.
78
Calculate the highest common divisor of 527855 and 538795.
2735
Calculate the highest common factor of 466308993 and 13308.
3327
What is the greatest common divisor of 1089009 and 363?
3
What is the highest common divisor of 99120 and 793205?
35
Calculate the greatest common factor of 12756307 and 425.
17
What is the highest common factor of 20687002 and 1078?
14
What is the highest common divisor of 582 and 27254478?
582
Calculate the greatest common divisor of 493025700 and 55200.
6900
Calculate the greatest common factor of 112879 and 3401.
19
What is the greatest common factor of 550343 and 5248?
41
Calculate the highest common divisor of 2816051 and 1449.
161
What is the highest common divisor of 220 and 2569920?
20
Calculate the greatest common factor of 383994 and 86827.
13
Calculate the highest common divisor of 158328541 and 12299.
1757
What is the highest common factor of 5120031230 and 9910?
9910
Calculate the greatest common divisor of 19732 and 483300809.
4933
Calculate the greatest common divisor of 163811058 and 1704.
426
Calculate the greatest common divisor of 1408039 and 12304.
769
Calculate the greatest common factor of 1019697 and 9.
3
What is the greatest common divisor of 61573 and 850075?
919
What is the highest common divisor of 924 and 469329322?
154
Calculate the highest common factor of 11373881 and 79346.
409
What is the greatest common divisor of 265 and 25793033?
53
What is the greatest common factor of 107677 and 2100242?
47
What is the greatest common divisor of 281702712 and 552?
552
Calculate the greatest common divisor of 30918000 and 800.
400
Calculate the greatest common divisor of 7134094 and 529529.
5819
Calculate the highest common factor of 327 and 85771337.
109
What is the highest common divisor of 6 and 146879064?
6
What is the highest common factor of 3087524 and 2256?
188
What is the highest common divisor of 70408 and 42120?
104
Calculate the highest common divisor of 124862 and 2933.
419
Calculate the highest common factor of 13338 and 121641.
39
Calculate the greatest common divisor of 267 and 334199094.
267
Calculate the greatest common divisor of 15654000 and 78000.
6000
Calculate the highest common divisor of 44931 and 14892.
51
What is the greatest common divisor of 16442125 and 169625?
2875
What is the highest common divisor of 17 and 13371367?
17
Calculate the greatest common divisor of 97371832 and 4552.
4552
Calculate the greatest common factor of 1294920885 and 302.
151
Calculate the greatest common factor of 11024 and 779168.
208
What is the greatest common factor of 844340850 and 9432?
2358
What is the highest common divisor of 12351 and 181327?
179
Calculate the highest common divisor of 113577786 and 1197.
63
Calculate the highest common divisor of 102 and 16137573.
51
What is the greatest common factor of 26000733 and 6699?
957
Calculate the greatest common divisor of 154548 and 3537.
27
Calculate the highest common divisor of 8365 and 41855.
5
Calculate the greatest common divisor of 70 and 116482090.
10
What is the greatest common factor of 960 and 216001680?
240
Calculate the highest common divisor of 294 and 31936191.
147
What is the highest common divisor of 1988 and 752359594?
994
Calculate the greatest common factor of 54100 and 30200.
100
What is the greatest common factor of 13477073 and 5?
1
What is the highest common factor of 35490076 and 36076?
1244
Calculate the greatest common divisor of 56 and 45231956.
28
What is the greatest common divisor of 3312965 and 328793?
1669
What is the greatest common divisor of 104450 and 12250?
50
What is the highest common divisor of 32463652 and 48692?
6956
What is the highest common factor of 996440 and 31783?
859
Calculate the highest common divisor of 989 and 64021926.
989
What is the highest common factor of 55 and 334722047?
11
What is the greatest common divisor of 59448 and 33536103?
7431
Calculate the greatest common divisor of 8349 and 254062853.
2783
What is the greatest common divisor of 6426 and 1275765?
51
Calculate the greatest common divisor of 16 and 347972.
4
What is the greatest common divisor of 6906 and 706895858?
2302
What is the highest common factor of 10478 